actor of x and 9.
9
Suppose -2*v - 4*s + 22 + 10 = 0, 38 = 3*v + s. Let r = 3472 - 3452. Calculate the highest common factor of v and r.
4
Suppose 2*y + 2*j - 60 = 0, 17*y - 129 = 12*y + 2*j. Calculate the highest common divisor of y and 117.
9
Let v = 11241 - 11216. Calculate the greatest common factor of 695 and v.
5
Suppose -a + 5*a + 20 = 0, -4*a = -q + 88. Let v = 172 + -70. What is the highest common divisor of q and v?
34
Suppose 3*i + 1145 = 5*b - 730, b - 4*i = 392. Calculate the highest common divisor of 682 and b.
62
Let l be (-16)/(-3)*(-930)/(-20). Let x be -242*4/(-32) + 12/16. Calculate the greatest common divisor of l and x.
31
Suppose -20*w - 4269 = -70*w - 669. Let r(i) = 10*i - 4. Let s be r(4). Calculate the highest common divisor of w and s.
36
Suppose 4145 + 8719 = -32*q. Let u = -346 - q. What is the greatest common divisor of u and 72?
8
Suppose 4*c + o - 644 = -o, 156 = c - 2*o. Suppose z = 3*a - c, 0*a + 3*z + 220 = 4*a. Let l = -1854 + 1880. Calculate the highest common divisor of l and a.
26
Let x(w) be the third derivative of -7*w**4/24 - 9*w**3 + 14*w**2. Let i be x(-7). Let m be 92 + (-8 - i) + -1. What is the greatest common factor of m and 132?
44
Let m be (-13)/((-390)/100)*(-91)/4*-30. Calculate the greatest common factor of m and 70.
35
Let w(c) = 30*c**2 + 13*c - 5. Let o(d) = -27*d**2 - 14*d + 6. Let h(r) = 5*o(r) + 6*w(r). Let t be h(4). What is the highest common factor of 47 and t?
47
Let y(l) = 2*l**3 + 2*l**2 + 21*l - 121. Let z be y(5). What is the highest common factor of z and 76?
4
Suppose 7*r - 459 = -361. Let s = 106 - r. Calculate the highest common divisor of s and 299.
23
Let b be (-20)/(-9) + (-7)/(252/8). Suppose 2*k = 5*p - k + 273, b*k + 179 = -3*p. Let m be (-4)/6 + (-380)/p. Calculate the greatest common divisor of m and 6.
6
Suppose 0 = -4*x + 86 + 366 + 388. What is the greatest common divisor of 2310 and x?
210
Suppose 2*j = 20 + 57 + 61. Calculate the greatest common factor of j and 1610.
23
Let f = -12371 - -18950. What is the highest common factor of f and 153?
153
Let j be 3 - ((-3 - 0) + 3). Let r be (-10)/j*(-3 - (-147)/(-14)). What is the greatest common factor of r and 9?
9
Let b = 83 - 75. Let q be ((2 - -1)/(-3))/(b/(-736)). Calculate the greatest common factor of q and 69.
23
Let y(k) be the first derivative of -11*k**2 + 302*k - 173. Let s be y(9). Suppose -2*i + 0 + 16 = 0. Calculate the greatest common divisor of i and s.
8
Let o(y) be the third derivative of 3*y**4/8 - 127*y**3/6 + 221*y**2. Let f be o(32). Calculate the greatest common divisor of f and 46.
23
Let p(o) = 32*o**2 + 5*o + 39. Let z be p(-4). Let r = z + -471. Calculate the greatest common divisor of r and 210.
30
Let s(x) be the first derivative of -3*x**2 - 38*x + 68. Let f be s(-14). Calculate the greatest common divisor of f and 230.
46
Suppose 0*t + 243 = t. Let z be 6/(-15) - -4*t/30. What is the highest common factor of 288 and z?
32
Let u = -10505 - -10516. What is the highest common divisor of 1276 and u?
11
Let x be 2/7 + ((-1352)/(-42))/(29/870). Calculate the highest common factor of x and 207.
69
Let g be (1 - (15 + (-1 - 4)))*1/(-1). Suppose 0 = w - 6*w - 30. Let p be 18/(-4)*8/w. Calculate the highest common divisor of p and g.
3
Let h be -3 - (0 + 500/6*-3). Let d = h - 246. What is the greatest common divisor of d and 17?
1
Let p be 4/(-7) + (-59037)/(-231). Calculate the greatest common divisor of 408 and p.
51
Suppose 0 = 3*z - 4*n - 1081, 4*z = -0*z - 4*n + 1460. Let s be (-120)/(-19 - -14) - 13. Calculate the highest common factor of s and z.
11
Let q be (6 - (5 - 13))/2. Suppose -q*p - 234 = -13*p. What is the highest common divisor of 351 and p?
39
Let q = 136 - 127. Let x = 0 - 29. Let j be (-12)/q*3 - (x - -4). What is the greatest common divisor of 42 and j?
21
Let p be (-22 - -24)*1*4. Suppose p*s = 8 - 48. Let u be (s/3)/(5/(-120)). What is the greatest common divisor of 8 and u?
8
Suppose 2*o + 69 = x - 141, 0 = -3*x + 4*o + 622. Calculate the greatest common factor of x and 4949.
101
Suppose -t = -5*u - 21372, 27*t + 171152 = 35*t + 4*u. What is the greatest common divisor of t and 8?
8
Suppose -544*s = 638*s - 1277*s + 6555. Suppose -33 + 263 = 5*k. What is the highest common factor of k and s?
23
Let x(g) be the second derivative of -2*g**3/3 + 37*g**2 + 2*g + 51. Let y be x(10). Calculate the greatest common factor of 6 and y.
2
Suppose 3*y = -3*u - 144 + 6, 5*u = 5*y - 210. Let o = u + 71. Calculate the greatest common factor of 297 and o.
27
Suppose -66*n + 71*n - 9448 = -2*c, -2*n = 4*c - 18880. What is the highest common factor of 99 and c?
33
Let m(o) be the first derivative of o**3/3 - 5*o**2/2 - 4*o + 2. Let f be 11 - (-4 - -8) - -2. Let c be m(f). Calculate the highest common factor of c and 256.
32
Let i be -8*(-1 - (-86)/(-6))*378/252. What is the greatest common divisor of i and 4876?
92
Let k(d) = 2*d**2 + 4*d + 4. Let q be k(-4). Let c = q + -5. Let i = -19 + 124. What is the highest common factor of i and c?
15
Let t = 2 + -2. Suppose 0 = k - t*k - 153. Let a = 727999 + -727982. What is the highest common factor of k and a?
17
Let f be -1 - -16724 - (1 + 2 + 6). What is the greatest common divisor of 61 and f?
61
Suppose 255 = -m - a, -2*m - 506 = -a + 2*a. Let x = m + 279. What is the greatest common divisor of 196 and x?
28
Suppose -4*v + 12 = -x, 0 = -2*v + 5*v + 3*x + 6. Let m = -2460 - -2464. Suppose -m*f = -v*f - 6. Calculate the greatest common factor of 1 and f.
1
Suppose -4*k = -1406 - 538. Let d be (0 + 236)/4 + -5. What is the highest common divisor of d and k?
54
Suppose 0*c = 4*c - 12. Suppose 8 = -c*x + 2*n + 93, -4*x + 2*n = -116. Suppose -2 = -7*d + 1517. Calculate the greatest common factor of x and d.
31
Let b be ((-1)/(-2) + 108/(-8))*10. Let g = b + 146. Calculate the highest common divisor of g and 2.
2
Suppose 2*r - 12*g + 133 = -9*g, -5*g - 15 = 0. Let v = -149 - -48. Let o = r - v. What is the greatest common divisor of o and 12?
6
Suppose 16 - 19 = o, 23 = 4*f - o. Let t be -30*1*4/(-6). What is the highest common divisor of t and f?
5
Let g(r) be the first derivative of r**4/4 + 4*r**3/3 - 11*r**2/2 - 67. Let i be 5/(3 + -4 + 0). Let d be g(i). Calculate the highest common factor of d and 20.
10
Let m be -162*4220/(-2220) + (-6)/(-111). Calculate the greatest common factor of m and 5467.
77
Let i = 3191 + -1967. What is the greatest common divisor of i and 153?
153
Let p = 1086 + -1038. Let y = -13 + 19. Suppose 6 = 7*b - y*b. What is the highest common factor of p and b?
6
Let u(z) = 14*z + 76. Let a be u(-5). Let x be (-54)/10*a*(-5)/9. Calculate the greatest common divisor of x and 117.
9
Let k = -527 - -651. What is the highest common divisor of k and 8?
4
Let s be (-4)/2 + (-54)/(-3). Suppose -8*l = -12*l + s. Suppose 5*z + 2*c - 17 - 25 = 0, 4*z - 37 = -5*c. Calculate the greatest common divisor of l and z.
4
Let a be (-4389)/(-19) + -16 - 7/1. Calculate the greatest common divisor of 494 and a.
26
Suppose -405 = 91*s - 3954. Calculate the highest common divisor of s and 6656.
13
Suppose 78506 - 10104 = 206*i - 7818. Calculate the greatest common factor of i and 810.
10
Let b = -3371 + 3487. Calculate the highest common factor of 10382 and b.
58
Suppose 0 = 7*p - 6*p. Let z be 16/(-8) - (p + -34). Suppose -204 = -44*q + 148. What is the greatest common factor of q and z?
8
Suppose 5*x - x = -4*c + 19916, 0 = -x + c + 4989. Calculate the greatest common divisor of x and 56.
56
Let i(y) = -14*y. Let o be i(-2). Let n = 34952 + -34644. What is the greatest common divisor of o and n?
28
Let u be (1 - 17)/((-2)/8). Suppose 218 = -3*v + 245. Suppose -62 + 134 = v*s. What is the greatest common factor of u and s?
8
Let r be (-5)/35 - (-11110)/154. What is the greatest common factor of 600 and r?
24
Let c(x) be the second derivative of -x**5/20 + 7*x**4/4 + 3*x**2/2 + 123*x. Let p be c(21). Calculate the greatest common divisor of p and 5.
1
Let k be (-8)/12*1485/(-110). Calculate the greatest common divisor of k and 6120.
9
Suppose -4*j + 43708 = 4*w, 1 = -j + 1. What is the highest common divisor of 223 and w?
223
Suppose -2*x + 35 = 3*x. Suppose -9*y = -6*y. Suppose -21*q + 1323 = -y*q. What is the highest common divisor of x a